3?
1
What is the remainder when 379 is divided by 127?
125
What is the remainder when 122 is divided by 64?
58
Calculate the remainder when 1070 is divided by 63.
62
Calculate the remainder when 39 is divided by 14.
11
What is the remainder when 144 is divided by 25?
19
What is the remainder when 392 is divided by 66?
62
Calculate the remainder when 3029 is divided by 303.
302
What is the remainder when 450 is divided by 127?
69
Calculate the remainder when 145 is divided by 76.
69
Calculate the remainder when 11418 is divided by 27.
24
What is the remainder when 43 is divided by 3?
1
What is the remainder when 19886 is divided by 88?
86
Calculate the remainder when 445 is divided by 56.
53
Calculate the remainder when 773 is divided by 65.
58
Calculate the remainder when 77 is divided by 16.
13
What is the remainder when 52390 is divided by 121?
118
Calculate the remainder when 108 is divided by 30.
18
What is the remainder when 7555 is divided by 229?
227
Calculate the remainder when 2092 is divided by 25.
17
Calculate the remainder when 367 is divided by 20.
7
Calculate the remainder when 194 is divided by 25.
19
What is the remainder when 2802 is divided by 61?
57
What is the remainder when 97 is divided by 16?
1
What is the remainder when 409 is divided by 104?
97
Calculate the remainder when 298 is divided by 102.
94
Calculate the remainder when 613 is divided by 50.
13
Calculate the remainder when 916 is divided by 34.
32
Calculate the remainder when 5434 is divided by 419.
406
What is the remainder when 560 is divided by 424?
136
What is the remainder when 820 is divided by 8?
4
What is the remainder when 3735 is divided by 71?
43
What is the remainder when 80 is divided by 8?
0
What is the remainder when 32 is divided by 20?
12
What is the remainder when 803 is divided by 254?
41
Calculate the remainder when 201 is divided by 19.
11
Calculate the remainder when 381 is divided by 16.
13
Calculate the remainder when 426 is divided by 86.
82
What is the remainder when 301 is divided by 7?
0
Calculate the remainder when 405 is divided by 52.
41
What is the remainder when 17103 is divided by 16?
15
What is the remainder when 72 is divided by 7?
2
Calculate the remainder when 260 is divided by 113.
34
Calculate the remainder when 42 is divided by 20.
2
Calculate the remainder when 220 is divided by 77.
66
Calculate the remainder when 147 is divided by 26.
17
Calculate the remainder when 17 is divided by 2.
1
Calculate the remainder when 194 is divided by 77.
40
Calculate the remainder when 79 is divided by 22.
13
What is the remainder when 2771 is divided by 99?
98
What is the remainder when 217 is divided by 17?
13
Calculate the remainder when 2576 is divided by 11.
2
What is the remainder when 270 is divided by 37?
11
Calculate the remainder when 350 is divided by 16.
14
What is the remainder when 33 is divided by 29?
4
What is the remainder when 1647 is divided by 17?
15
Calculate the remainder when 883 is divided by 176.
3
What is the remainder when 356 is divided by 81?
32
Calculate the remainder when 389 is divided by 22.
15
Calculate the remainder when 2353 is divided by 230.
53
Calculate the remainder when 383 is divided by 95.
3
Calculate the remainder when 619 is divided by 524.
95
What is the remainder when 2438 is divided by 401?
32
What is the remainder when 2435 is divided by 116?
115
Calculate the remainder when 439 is divided by 63.
61
What is the remainder when 504 is divided by 232?
40
What is the remainder when 236 is divided by 12?
8
What is the remainder when 883 is divided by 27?
19
What is the remainder when 318 is divided by 64?
62
What is the remainder when 359 is divided by 115?
14
What is the remainder when 12637 is divided by 5?
2
Calculate the remainder when 90 is divided by 55.
35
What is the remainder when 68 is divided by 33?
2
What is the remainder when 32 is divided by 11?
10
Calculate the remainder when 292 is divided by 100.
92
Calculate the remainder when 1588 is divided by 121.
15
What is the remainder when 260 is divided by 17?
5
Calculate the remainder when 1396 is divided by 425.
121
Calculate the remainder when 243 is divided by 61.
60
What is the remainder when 336 is divided by 34?
30
What is the remainder when 49 is divided by 13?
10
What is the remainder when 115 is divided by 20?
15
What is the remainder when 10509 is divided by 18?
15
What is the remainder when 622 is divided by 33?
28
What is the remainder when 1201 is divided by 21?
4
What is the remainder when 2377 is divided by 85?
82
What is the remainder when 236 is divided by 26?
2
What is the remainder when 2350 is divided by 157?
152
What is the remainder when 2232 is divided by 86?
82
What is the remainder when 27 is divided by 4?
3
What is the remainder when 6836 is divided by 3416?
4
What is the remainder when 960 is divided by 235?
20
What is the remainder when 188 is divided by 119?
69
Calculate the remainder when 93 is divided by 51.
42
Calculate the remainder when 98 is divided by 26.
20
What is the remainder when 50 is divided by 4?
2
What is the remainder when 174 is divided by 59?
56
Calculate the remainder when 143 is divided by 15.
8
What is the remainder when 1034 is divided by 231?
110
Calculate the remainder when 5318 is divided by 354.
8
Calculate the remainder when 1213 is divided by 30.
13
Calculate the remainder when 191 is divided by 15.
11
Calculate the remainder when 737 is divided by 20.
17
What is the remainder when 531 is divided by 19?
18
What is the remainder when 976 is divided by 193?
11
What is the remainder when 500 is divided by 46?
40
What is the remainder when 23 is divided by 8?
7
Calculate the remainder when 1034 is divided by 115.
114
What is the remainder when 219 is divided by 79?
61
What is the remainder when 366 is divided by 186?
180
Calculate the remainder when 560 is divided by 17.
16
Calculate the remainder when 1212 is divided by 45.
42
Calculate the remainder when 470 is divided by 17.
11
What is the remainder when 2095 is divided by 322?
163
Calculate the remainder when 442 is divided by 74.
72
What is the remainder when 927 is divided by 306?
9
Calculate the remainder when 169 is divided by 1.
0
What is the remainder when 104 is divided by 10?
4
What is the remainder when 1050 is divided by 210?
0
Calculate the remainder when 234 is divided by 20.
14
What is the remainder when 205 is divided by 1?
0
What is the remainder when 3421 is divided by 58?
57
Calculate the remainder when 223 is divided by 129.
94
Calculate the remainder when 907 is divided by 298.
13
Calculate the remainder when 911 is divided by 92.
83
What is the remainder when 373 is divided by 78?
61
Calculate the remainder when 380 is divided by 125.
5
Calculate the remainder when 481 is divided by 201.
79
Calculate the remainder when 1070 is divided by 32.
14
What is the remainder when 1159 is divided by 25?
9
What is the remainder when 660 is divided by 48?
36
Calculate the remainder when 104 is divided by 5.
4
Calculate the remainder when 2756 is divided by 14.
12
What is the remainder when 257 is divided by 59?
21
Calculate the remainder when 207 is divided by 6.
3
What is the remainder when 423 is divided by 81?
18
Calculate the remainder when 18973 is divided by 33.
31
Calculate the remainder when 203 is divided by 44.
27
What is the remainder when 333 is divided by 10?
3
Calculate the remainder when 81 is divided by 21.
18
What is the remainder when 759 is divided by 155?
139
Calculate the remainder when 605 is divided by 603.
2
What is the remainder when 2912 is divided by 485?
2
Calculate the remainder when 175 is divided by 22.
21
What is the remainder when 95 is divided by 22?
7
Calculate the remainder when 52 is divided by 28.
24
Calculate the remainder when 5074 is divided by 32.
18
Calculate the remainder when 188 is divided by 64.
60
Calculate the remainder when 263 is divided by 33.
32
Calculate the remainder when 4354 is divided by 99.
97
Calculate the remainder when 481 is divided by 9.
4
Calculate the remainder when 3327 is divided by 98.
93
Calculate the remainder when 1120 is divided by 58.
18
What is the remainder when 2574 is divided by 46?
44
Calculate the remainder when 551 is divided by 115.
